d*j - 1412. What is the units digit of y?
8
Let h(k) = 30*k + 6. Suppose -7*d + 4 = -10. Let v be h(d). Suppose 0 = 3*j - 3*g - v, j - 2*j + 22 = 2*g. What is the tens digit of j?
2
Let s(l) = 18*l - 2. Let c be s(9). Let g = c - 96. What is the tens digit of (((-9)/12)/1)/((-2)/g)?
2
Suppose 17032 = 14*b - 22826. What is the hundreds digit of b?
8
Let y(a) = -5*a**2 + 15*a - 66. Let f(s) = s**2 - 1. Let j(h) = 5*f(h) - y(h). What is the tens digit of j(5)?
3
Let m = 18319 - -10598. What is the thousands digit of m?
8
Suppose -5*s = 5*o - 9*s - 2418, 0 = -o + 5*s + 492. Suppose 329 - 13 = 2*x + 4*f, 2*f = 3*x - o. Let b = 279 - x. What is the tens digit of b?
1
Let o(a) be the first derivative of 2*a**3/3 - 7*a**2 - 29*a - 40. What is the hundreds digit of o(14)?
1
Suppose -3*p - q + 8 = 0, -3*p - p + 2*q - 6 = 0. Let j = -1 + p. What is the tens digit of (-12 + -5)/(j + -1)?
1
Let l be -1 + (-4 - (43 + 5 + -4)). What is the tens digit of (-15160)/(-28) + 21/l?
4
Suppose -4*h + 2*v = -5 - 1, -4*v + 27 = 5*h. Suppose -h*w - p - 222 = 0, 5*w = 3*w - 4*p - 158. Let t = w + 123. What is the tens digit of t?
5
Let g be (159/(-3))/(7/(-448)*4). Suppose -2*u + 466 = -g. What is the hundreds digit of u?
6
Let n(p) = 3*p**2 - 7*p - 2. Let m be n(3). Suppose 5*i = -4*q + 1988 + 1027, -m*i + 2412 = 3*q. What is the tens digit of i?
0
Let t(k) = 6*k**3 - 12*k**2 - 74*k + 25. Let f(q) = -10*q**3 + 17*q**2 + 111*q - 37. Let j(y) = 5*f(y) + 8*t(y). What is the tens digit of j(-6)?
7
Let g(n) = -n**3 - 4*n**2 + 12*n + 39. Let r(h) = h**3 + 3*h**2 - 14*h - 38. Let i(q) = 5*g(q) + 4*r(q). What is the tens digit of i(-8)?
1
Suppose l = -2*z - 4*l + 13, 3*l = 3*z + 12. Suppose 22 = -1129*y + 1130*y. What is the tens digit of z - (-18)/y - 321/(-11)?
2
Let m(j) = 15*j**2 + 370*j - 29. What is the tens digit of m(-25)?
9
Let g(j) be the third derivative of 79*j**4/24 - 38*j**3/3 - 3*j**2. What is the tens digit of g(5)?
1
Let d = -2798 - -5169. What is the tens digit of d?
7
Let c(k) = -k**3 - 6*k**2 - 15*k - 8. Suppose -8*t + 12 = -2*t. Suppose -l + 2 + 0 = 0, -8 = t*f + 3*l. What is the hundreds digit of c(f)?
1
Let p(m) = m**2 + 5*m + 8. Let c be p(-4). Let x be (-112)/(-35)*10/c. Let o(b) = 14*b - 21. What is the tens digit of o(x)?
9
What is the thousands digit of 3*(-56)/(-12) + 7671?
7
Suppose 1535*h - 1697*h = -3094524. What is the thousands digit of h?
9
Let a = 440 - 296. Suppose -t + n - 3*n + a = 0, 5*t = -2*n + 752. Suppose -g = 46 - t. What is the tens digit of g?
0
Let s(r) = -r**3 - 10*r**2 - 10*r - 9. Let u be s(-9). Suppose u = 7*v - 15*v - 8. What is the tens digit of 2 + (-3 - v - -75)?
7
Let k = 6344 - 475. What is the tens digit of k?
6
Suppose -29*n = 47*n - 13832. What is the tens digit of n?
8
Let y(h) = -5*h. Let w be y(-1). Suppose -w*n = -4 - 6. Suppose -n*x + 65 = r, 4*x + 225 = -2*r + 5*r. What is the units digit of r?
1
Let f(j) = 9239*j**2 - 150*j - 292. What is the ten thousands digit of f(-2)?
3
Let u(h) be the first derivative of -h**4/4 - 5*h**3 - 20*h**2 - 147*h + 138. What is the units digit of u(-14)?
7
Let q(y) = y**3 + 8*y**2 - 43*y - 1. Let w be q(-11). Suppose 10*u = 5*u - 310. Let o = u + w. What is the tens digit of o?
4
Let l(i) = -3*i + 18. Let n be l(4). Suppose 3*q + n*g - 11 = 2*g, 2*g + 1 = 5*q. What is the hundreds digit of 4*q - (2 - 101)?
1
Suppose 153*f = 354*f - 2268486. What is the tens digit of f?
8
Let s be (1/5)/((-224)/240 + 1). Let j(b) = b**2. Let k be j(2). Suppose -2*m = -k*n + 354, 24 = 2*n + s*m - 133. What is the tens digit of n?
8
Let s = -8873 - -13173. Suppose s = 57*i - 47*i. What is the hundreds digit of i?
4
Let p be -2 - ((1 + 1)*-2 - 0). Suppose p*r = -2*q + 248, -8*q + 478 = 4*r - 10*q. What is the hundreds digit of r?
1
Let v be (-175)/(-63) + -3 - 7618/(-18). Suppose -17*b = -20*b + v. What is the units digit of b?
1
Let n(p) = -p**3 - 4*p**2 - 5*p - 2. Let f be n(-3). Let r(d) be the second derivative of 7*d**3/3 - 2*d**2 + 36*d. What is the tens digit of r(f)?
5
Let t(x) = 3*x**3 + 8*x**2 + 8. Let o(b) = -4*b**3 - 7*b**2 - b - 8. Let l(i) = 2*o(i) + 3*t(i). Let n be l(-11). What is the tens digit of (-4)/(-4 + 0) - n?
9
Suppose -5*a + 6580 + 4185 = 0. What is the units digit of a?
3
Let l(h) = -6*h + 48. Let p be l(8). Suppose p*f + 5*f = n - 852, -n - f = -858. What is the hundreds digit of n?
8
Let t(h) = -h**2 + 79*h - 13. Let g(i) = -i**2 + 41*i - 6. Let r(v) = -9*g(v) + 4*t(v). What is the units digit of r(16)?
4
What is the hundreds digit of ((-7)/(-21))/((-29)/(-2198055))?
2
Let a(n) = 699*n**2 + 13*n - 14. What is the units digit of a(-3)?
8
Suppose -2*h + 2*i + 6262 = 0, -i + 1850 = h - 1287. Suppose -11*z + h + 17018 = 0. What is the units digit of z?
2
Let r(g) = -g**3 - 5*g - 20*g**2 + 18 - 4 + 5*g. Let z be r(-20). What is the tens digit of 188/z - 4*(-3)/21?
1
Suppose -90*z + 157638 = 23*z - 424312. What is the units digit of z?
0
Suppose 49*u - 48*u = 4*m + 5765, 3*m = 2*u - 11525. What is the hundreds digit of u?
7
Suppose 0 = -4*g + 5*w + 29, -2*g - 1 + 11 = 2*w. Suppose -4*r = -n + g*n - 61, 0 = 4*r + 4*n - 60. Suppose 4*s + r - 198 = 0. What is the tens digit of s?
4
Let i(n) = 3*n**2 - 5*n + 18. What is the thousands digit of i(24)?
1
Suppose -2*g = -g + 1. Let v be (-3 - 3/(-1))/(5 + g). Suppose v = s + 15*s - 3776. What is the tens digit of s?
3
Let d(s) = 100*s**2 + 45*s + 18. What is the tens digit of d(-6)?
4
Let r(q) = -q**2 + 6*q + 5. Let m be r(6). Suppose 5*t = 3*l + 15, -5*t - m*l = -3*l - 15. Suppose t*x = 4*x - 125. What is the tens digit of x?
2
Suppose -6*p = -183 + 15. Suppose p*m - 24*m = 460. Let q = 96 + m. What is the tens digit of q?
1
Suppose 49308 + 101405 = 207*o - 1093978. What is the units digit of o?
3
Let g be (-848976)/(-60) - (7/(-5) + 1). Suppose 0 = -58*q + 68*q - g. What is the thousands digit of q?
1
Suppose -12 = -p + s - 8, -3*p = 3*s - 18. Suppose 32 = h - 4*a - 24, -216 = -p*h + 4*a. Let w = h + 76. What is the tens digit of w?
1
Suppose 9*y - 212 = 5*y. Let h = 163 + y. What is the tens digit of h?
1
Suppose 10*n + 5*d = 13*n - 25483, 0 = -n - 3*d + 8513. What is the hundreds digit of n?
5
Let w = -434 - -879. Let q = w + 629. What is the units digit of q?
4
Let f(q) = -53 + 7*q**2 - 7*q + 8*q**2 + 44 - 6*q**2. What is the hundreds digit of f(-5)?
2
Let o(j) = 64*j**3 - 18*j**2 + 4*j - 19. What is the tens digit of o(7)?
7
Suppose 0 = -2*m + 4*v + 5962, -96*m + 100*m - 2*v - 11882 = 0. What is the tens digit of m?
6
Suppose 56882 = 333*t - 319*t. What is the thousands digit of t?
4
Suppose 7 = -5*a - 4*f + 25, 3*a = -2*f + 12. Let u(k) = 32*k**2 + 23*k - 13. What is the units digit of u(a)?
7
Let g be ((-56)/(-6))/1*(31 - 34). Let u be (-2)/(-10) - (3 + g/10). Suppose u = 7*c + 2*c - 1719. What is the hundreds digit of c?
1
Suppose d + 1 = -d + t, 8 = -d + 2*t. Suppose 0 = 3*m + 4*x - 1530, d*m + 5*x = -17 + 1044. What is the tens digit of m?
0
Let c = 107 + -108. What is the tens digit of ((0 - -9) + c)*(11 + 2)?
0
Let d be (-4)/(-14) + (-1522)/(-14) - -4. Suppose d*p = 122*p - 1584. What is the units digit of p?
6
Let v(t) be the first derivative of -t**4/2 - 15*t**3 - 27*t**2/2 + 5*t + 94. What is the units digit of v(-22)?
5
Let x = -37954 + 58717. What is the units digit of x?
3
Suppose -149 = 5*d + 5*b + 71, -4*d - 131 = -5*b. Let o be ((-6)/(-4))/(d/12 + 4). What is the tens digit of (-262)/(-4)*(2 + -1)*o?
3
Let k(b) = -15*b + 1. Let p(w) = w + 1. Let x(v) = -3*k(v) - 3*p(v). What is the tens digit of x(3)?
2
Let y(m) = 2111*m**2 + 462*m - 7. What is the hundreds digit of y(2)?
3
Suppose 0 = 14*w - 13*w - 25. Suppose -5*f = -w - 110. Suppose -f*n = -28*n + 74. What is the units digit of n?
4
Let m = 17515 - 8950. What is the hundreds digit of m?
5
Let k(f) = 4 + 1 + 5*f**3 + 8*f**3 - 4*f**3. Let v be k(-2). Let o = 13 - v. What is the units digit of o?
0
Suppose -2*a - 7 = -4*a - 5*f, -3*a = 5*f + 2. What is the hundreds digit of (42/a)/(2/(-48))?
1
Let i(c) = c - 1. Let n(f) = -2*f - 10. Let g = 46 - 42. Let t(l) = g*i(l) - 2*n(l). What is the tens digit of t(6)?
6
Let t be (7 + -4 + -3)/(4/(-2)). Suppose -17*u + u + 2768 = t. What is the tens digit of u?
7
Let c = -11 + 11. Suppose -36 = -d + 19. Suppose 2*b + 3*f